{"id":1041,"date":"2022-08-17T10:55:58","date_gmt":"2022-08-17T08:55:58","guid":{"rendered":"https:\/\/calagranadella.com\/wie-man-dorthin-kommt\/bus\/"},"modified":"2024-07-09T16:09:28","modified_gmt":"2024-07-09T14:09:28","slug":"bus","status":"publish","type":"page","link":"https:\/\/calagranadella.com\/de\/wie-man-dorthin-kommt\/bus\/","title":{"rendered":"Bus"},"content":{"rendered":"<p>[vc_row][vc_column]<div id=\"ultimate-heading-604469f350ed3d384\" class=\"uvc-heading ult-adjust-bottom-margin ultimate-heading-604469f350ed3d384 uvc-2187 \" data-hspacer=\"no_spacer\"  data-halign=\"left\" style=\"text-align:left\"><div class=\"uvc-heading-spacer no_spacer\" style=\"top\"><\/div><div class=\"uvc-sub-heading ult-responsive\"  data-ultimate-target='.uvc-heading.ultimate-heading-604469f350ed3d384 .uvc-sub-heading '  data-responsive-json-new='{\"font-size\":\"\",\"line-height\":\"\"}'  style=\"font-weight:normal;\"><\/p>\n<p style=\"text-align: justify;\"><span style=\"font-weight: 400;\">Es gibt derzeit keinen Bus, der nach Cala Granadella selbst f\u00e4hrt. In einigen Sommern gab es seitens des Rathauses die Absicht, einen kostenlosen Bus oder Zug einzurichten, um die Bucht von Granadella mit \u00f6ffentlichen Verkehrsmitteln zu erreichen, aber bis heute gibt es noch keine M\u00f6glichkeit, mit \u00f6ffentlichen Verkehrsmitteln zur Bucht von Granadella zu gelangen.<\/span><\/p>\n<p>&nbsp;<\/p>\n<p>Wir werden Sie auf dem Laufenden halten, wenn sich diesbez\u00fcglich \u00c4nderungen ergeben.<\/div><\/div>[vc_empty_space height=&#8220;35px&#8220;][\/vc_column][\/vc_row]<\/p>\n\n<div style=\"font-size: 0px; height: 0px; line-height: 0px; margin: 0; padding: 0; clear: both;\"><\/div>","protected":false},"excerpt":{"rendered":"<p>[vc_row][vc_column][vc_empty_space height=&#8220;35px&#8220;][\/vc_column][\/vc_row]<\/p>\n","protected":false},"author":1,"featured_media":0,"parent":1033,"menu_order":0,"comment_status":"closed","ping_status":"closed","template":"","meta":{"_joinchat":[],"footnotes":""},"class_list":["post-1041","page","type-page","status-publish","hentry","description-off"],"_links":{"self":[{"href":"https:\/\/calagranadella.com\/de\/wp-json\/wp\/v2\/pages\/1041","targetHints":{"allow":["GET"]}}],"collection":[{"href":"https:\/\/calagranadella.com\/de\/wp-json\/wp\/v2\/pages"}],"about":[{"href":"https:\/\/calagranadella.com\/de\/wp-json\/wp\/v2\/types\/page"}],"author":[{"embeddable":true,"href":"https:\/\/calagranadella.com\/de\/wp-json\/wp\/v2\/users\/1"}],"replies":[{"embeddable":true,"href":"https:\/\/calagranadella.com\/de\/wp-json\/wp\/v2\/comments?post=1041"}],"version-history":[{"count":2,"href":"https:\/\/calagranadella.com\/de\/wp-json\/wp\/v2\/pages\/1041\/revisions"}],"predecessor-version":[{"id":1043,"href":"https:\/\/calagranadella.com\/de\/wp-json\/wp\/v2\/pages\/1041\/revisions\/1043"}],"up":[{"embeddable":true,"href":"https:\/\/calagranadella.com\/de\/wp-json\/wp\/v2\/pages\/1033"}],"wp:attachment":[{"href":"https:\/\/calagranadella.com\/de\/wp-json\/wp\/v2\/media?parent=1041"}],"curies":[{"name":"wp","href":"https:\/\/api.w.org\/{rel}","templated":true}]}}

<p>[vc_row][vc_column]<div id="ultimate-heading-604469f350ed3d384" class="uvc-heading ult-adjust-bottom-margin ultimate-heading-604469f350ed3d384 uvc-2187 " data-hspacer="no_spacer"  data-halign="left" style="text-align:left"><div class="uvc-heading-spacer no_spacer" style="top"></div><div class="uvc-sub-heading ult-responsive"  data-ultimate-target='.uvc-heading.ultimate-heading-604469f350ed3d384 .uvc-sub-heading '  data-responsive-json-new='{"font-size":"","line-height":""}'  style="font-weight:normal;"></p>
<p style="text-align: justify;"><span style="font-weight: 400;">Es gibt derzeit keinen Bus, der nach Cala Granadella selbst fährt. In einigen Sommern gab es seitens des Rathauses die Absicht, einen kostenlosen Bus oder Zug einzurichten, um die Bucht von Granadella mit öffentlichen Verkehrsmitteln zu erreichen, aber bis heute gibt es noch keine Möglichkeit, mit öffentlichen Verkehrsmitteln zur Bucht von Granadella zu gelangen.</span></p>
<p>&nbsp;</p>
<p>Wir werden Sie auf dem Laufenden halten, wenn sich diesbezüglich Änderungen ergeben.</div></div>[vc_empty_space height=&#8220;35px&#8220;][/vc_column][/vc_row]</p>

<div style="font-size: 0px; height: 0px; line-height: 0px; margin: 0; padding: 0; clear: both;"></div>
