{"id":1050,"date":"2023-03-24T09:10:47","date_gmt":"2023-03-24T07:10:47","guid":{"rendered":"https:\/\/calagranadella.com\/pressemappe\/"},"modified":"2024-07-09T16:14:30","modified_gmt":"2024-07-09T14:14:30","slug":"pressemappe","status":"publish","type":"page","link":"https:\/\/calagranadella.com\/de\/pressemappe\/","title":{"rendered":"Pressemappe"},"content":{"rendered":"<p>[vc_row][vc_column]<div id=\"ultimate-heading-345169f350fd703fc\" class=\"uvc-heading ult-adjust-bottom-margin ultimate-heading-345169f350fd703fc uvc-6451 \" data-hspacer=\"no_spacer\"  data-halign=\"left\" style=\"text-align:left\"><div class=\"uvc-heading-spacer no_spacer\" style=\"top\"><\/div><div class=\"uvc-main-heading ult-responsive\"  data-ultimate-target='.uvc-heading.ultimate-heading-345169f350fd703fc h2'  data-responsive-json-new='{\"font-size\":\"desktop:34px;\",\"line-height\":\"\"}' ><h2 style=\"font-weight:normal;\">Pressemappe von Cala Granadella<\/h2><\/div><div class=\"uvc-sub-heading ult-responsive\"  data-ultimate-target='.uvc-heading.ultimate-heading-345169f350fd703fc .uvc-sub-heading '  data-responsive-json-new='{\"font-size\":\"\",\"line-height\":\"\"}'  style=\"font-weight:normal;\">Die Website von La Cala Granadella (<a href=\"https:\/\/calagranadella.com\/de\/\" target=\"_new\" rel=\"noopener\">https:\/\/calagranadella.com\/<\/a>) wird jedes Jahr von Tausenden von Besuchern aufgesucht, was sie zu einem der beliebtesten Reiseziele an der Costa Blanca macht. Mit einer L\u00e4nge von 220 Metern ist dieser Kiesel- und Felsenstrand der ideale Ort f\u00fcr Wassersportarten wie Schnorcheln und Tauchen.<\/p>\n<p>La Cala Granadella liegt in der Gemeinde J\u00e1vea in der Provinz Alicante und ist bekannt f\u00fcr seine nat\u00fcrliche Sch\u00f6nheit und seine ruhige Atmosph\u00e4re. Au\u00dferdem gibt es mehrere gute Restaurants und Bars sowie Picknick- und Wandergebiete.<\/p>\n<p>Wenn Sie f\u00fcr Ihr Unternehmen im Zusammenhang mit La Cala Granadella werben m\u00f6chten, bieten wir Ihnen die M\u00f6glichkeit, in unseren Bannern und Links auf unserer Website und unserem Blog zu erscheinen, die jedes Jahr Tausende von Besuchern erhalten. Kontaktieren Sie uns f\u00fcr weitere Informationen und finden Sie heraus, wie wir Ihnen helfen k\u00f6nnen!<\/p>\n<p>Vielen Dank f\u00fcr Ihr Interesse an La Cala Granadella!<\/div><\/div><div class=\"gap\" style=\"line-height: 10px; height: 10px;\"><\/div>[\/vc_column][\/vc_row][vc_row][vc_column css=&#8220;.vc_custom_1679645097271{background-color: #98135b !important;}&#8220;]\n<div class=\"wpcf7 no-js\" id=\"wpcf7-f266-o1\" lang=\"es-ES\" dir=\"ltr\" data-wpcf7-id=\"266\">\n<div class=\"screen-reader-response\"><p role=\"status\" aria-live=\"polite\" aria-atomic=\"true\"><\/p> <ul><\/ul><\/div>\n<form action=\"\/de\/wp-json\/wp\/v2\/pages\/1050#wpcf7-f266-o1\" method=\"post\" class=\"wpcf7-form init\" aria-label=\"Formulario de contacto\" novalidate=\"novalidate\" data-status=\"init\">\n<fieldset class=\"hidden-fields-container\"><input type=\"hidden\" name=\"_wpcf7\" value=\"266\" \/><input type=\"hidden\" name=\"_wpcf7_version\" value=\"6.1.4\" \/><input type=\"hidden\" name=\"_wpcf7_locale\" value=\"es_ES\" \/><input type=\"hidden\" name=\"_wpcf7_unit_tag\" value=\"wpcf7-f266-o1\" \/><input type=\"hidden\" name=\"_wpcf7_container_post\" value=\"0\" \/><input type=\"hidden\" name=\"_wpcf7_posted_data_hash\" value=\"\" \/>\n<\/fieldset>\n<p><label> Tu nombre<br \/>\n<span class=\"wpcf7-form-control-wrap\" data-name=\"your-name\"><input size=\"40\" maxlength=\"400\" class=\"wpcf7-form-control wpcf7-text wpcf7-validates-as-required\" aria-required=\"true\" aria-invalid=\"false\" value=\"\" type=\"text\" name=\"your-name\" \/><\/span> <\/label>\n<\/p>\n<p><label> Tu correo electr\u00f3nico<br \/>\n<span class=\"wpcf7-form-control-wrap\" data-name=\"your-email\"><input size=\"40\" maxlength=\"400\" class=\"wpcf7-form-control wpcf7-email wpcf7-validates-as-required wpcf7-text wpcf7-validates-as-email\" aria-required=\"true\" aria-invalid=\"false\" value=\"\" type=\"email\" name=\"your-email\" \/><\/span> <\/label>\n<\/p>\n<p><label> Asunto<br \/>\n<span class=\"wpcf7-form-control-wrap\" data-name=\"your-subject\"><input size=\"40\" maxlength=\"400\" class=\"wpcf7-form-control wpcf7-text wpcf7-validates-as-required\" aria-required=\"true\" aria-invalid=\"false\" value=\"\" type=\"text\" name=\"your-subject\" \/><\/span> <\/label>\n<\/p>\n<p><label> Tu mensaje (opcional)<br \/>\n<span class=\"wpcf7-form-control-wrap\" data-name=\"your-message\"><textarea cols=\"40\" rows=\"10\" maxlength=\"2000\" class=\"wpcf7-form-control wpcf7-textarea\" aria-invalid=\"false\" name=\"your-message\"><\/textarea><\/span> <\/label>\n<\/p>\n<p><input class=\"wpcf7-form-control wpcf7-submit has-spinner\" type=\"submit\" value=\"Enviar\" \/>\n<\/p><div class=\"wpcf7-response-output\" aria-hidden=\"true\"><\/div>\n<\/form>\n<\/div>\n[\/vc_column][\/vc_row]<\/p>\n\n<div style=\"font-size: 0px; height: 0px; line-height: 0px; margin: 0; padding: 0; clear: both;\"><\/div>","protected":false},"excerpt":{"rendered":"<p>[vc_row][vc_column][\/vc_column][\/vc_row][vc_row][vc_column css=&#8220;.vc_custom_1679645097271{background-color: #98135b !important;}&#8220;][\/vc_column][\/vc_row]<\/p>\n","protected":false},"author":1,"featured_media":0,"parent":0,"menu_order":0,"comment_status":"closed","ping_status":"closed","template":"","meta":{"_joinchat":[],"footnotes":""},"class_list":["post-1050","page","type-page","status-publish","hentry","description-off"],"_links":{"self":[{"href":"https:\/\/calagranadella.com\/de\/wp-json\/wp\/v2\/pages\/1050","targetHints":{"allow":["GET"]}}],"collection":[{"href":"https:\/\/calagranadella.com\/de\/wp-json\/wp\/v2\/pages"}],"about":[{"href":"https:\/\/calagranadella.com\/de\/wp-json\/wp\/v2\/types\/page"}],"author":[{"embeddable":true,"href":"https:\/\/calagranadella.com\/de\/wp-json\/wp\/v2\/users\/1"}],"replies":[{"embeddable":true,"href":"https:\/\/calagranadella.com\/de\/wp-json\/wp\/v2\/comments?post=1050"}],"version-history":[{"count":2,"href":"https:\/\/calagranadella.com\/de\/wp-json\/wp\/v2\/pages\/1050\/revisions"}],"predecessor-version":[{"id":1052,"href":"https:\/\/calagranadella.com\/de\/wp-json\/wp\/v2\/pages\/1050\/revisions\/1052"}],"wp:attachment":[{"href":"https:\/\/calagranadella.com\/de\/wp-json\/wp\/v2\/media?parent=1050"}],"curies":[{"name":"wp","href":"https:\/\/api.w.org\/{rel}","templated":true}]}}

<p>[vc_row][vc_column]<div id="ultimate-heading-345169f350fd703fc" class="uvc-heading ult-adjust-bottom-margin ultimate-heading-345169f350fd703fc uvc-6451 " data-hspacer="no_spacer"  data-halign="left" style="text-align:left"><div class="uvc-heading-spacer no_spacer" style="top"></div><div class="uvc-main-heading ult-responsive"  data-ultimate-target='.uvc-heading.ultimate-heading-345169f350fd703fc h2'  data-responsive-json-new='{"font-size":"desktop:34px;","line-height":""}' ><h2 style="font-weight:normal;">Pressemappe von Cala Granadella</h2></div><div class="uvc-sub-heading ult-responsive"  data-ultimate-target='.uvc-heading.ultimate-heading-345169f350fd703fc .uvc-sub-heading '  data-responsive-json-new='{"font-size":"","line-height":""}'  style="font-weight:normal;">Die Website von La Cala Granadella (<a href="https://calagranadella.com/de/" target="_new" rel="noopener">https://calagranadella.com/</a>) wird jedes Jahr von Tausenden von Besuchern aufgesucht, was sie zu einem der beliebtesten Reiseziele an der Costa Blanca macht. Mit einer Länge von 220 Metern ist dieser Kiesel- und Felsenstrand der ideale Ort für Wassersportarten wie Schnorcheln und Tauchen.</p>
<p>La Cala Granadella liegt in der Gemeinde Jávea in der Provinz Alicante und ist bekannt für seine natürliche Schönheit und seine ruhige Atmosphäre. Außerdem gibt es mehrere gute Restaurants und Bars sowie Picknick- und Wandergebiete.</p>
<p>Wenn Sie für Ihr Unternehmen im Zusammenhang mit La Cala Granadella werben möchten, bieten wir Ihnen die Möglichkeit, in unseren Bannern und Links auf unserer Website und unserem Blog zu erscheinen, die jedes Jahr Tausende von Besuchern erhalten. Kontaktieren Sie uns für weitere Informationen und finden Sie heraus, wie wir Ihnen helfen können!</p>
<p>Vielen Dank für Ihr Interesse an La Cala Granadella!</div></div><div class="gap" style="line-height: 10px; height: 10px;"></div>[/vc_column][/vc_row][vc_row][vc_column css=&#8220;.vc_custom_1679645097271{background-color: #98135b !important;}&#8220;]
<div class="wpcf7 no-js" id="wpcf7-f266-o1" lang="es-ES" dir="ltr" data-wpcf7-id="266">
<div class="screen-reader-response"><p role="status" aria-live="polite" aria-atomic="true"></p> <ul></ul></div>
<form action="/de/wp-json/wp/v2/pages/1050#wpcf7-f266-o1" method="post" class="wpcf7-form init" aria-label="Formulario de contacto" novalidate="novalidate" data-status="init">
<fieldset class="hidden-fields-container"><input type="hidden" name="_wpcf7" value="266" /><input type="hidden" name="_wpcf7_version" value="6.1.4" /><input type="hidden" name="_wpcf7_locale" value="es_ES" /><input type="hidden" name="_wpcf7_unit_tag" value="wpcf7-f266-o1" /><input type="hidden" name="_wpcf7_container_post" value="0" /><input type="hidden" name="_wpcf7_posted_data_hash" value="" />
</fieldset>
<p><label> Tu nombre<br />
<span class="wpcf7-form-control-wrap" data-name="your-name"><input size="40" maxlength="400" class="wpcf7-form-control wpcf7-text wpcf7-validates-as-required" aria-required="true" aria-invalid="false" value="" type="text" name="your-name" /></span> </label>
</p>
<p><label> Tu correo electrónico<br />
<span class="wpcf7-form-control-wrap" data-name="your-email"><input size="40" maxlength="400" class="wpcf7-form-control wpcf7-email wpcf7-validates-as-required wpcf7-text wpcf7-validates-as-email" aria-required="true" aria-invalid="false" value="" type="email" name="your-email" /></span> </label>
</p>
<p><label> Asunto<br />
<span class="wpcf7-form-control-wrap" data-name="your-subject"><input size="40" maxlength="400" class="wpcf7-form-control wpcf7-text wpcf7-validates-as-required" aria-required="true" aria-invalid="false" value="" type="text" name="your-subject" /></span> </label>
</p>
<p><label> Tu mensaje (opcional)<br />
<span class="wpcf7-form-control-wrap" data-name="your-message"><textarea cols="40" rows="10" maxlength="2000" class="wpcf7-form-control wpcf7-textarea" aria-invalid="false" name="your-message"></textarea></span> </label>
</p>
<p><input class="wpcf7-form-control wpcf7-submit has-spinner" type="submit" value="Enviar" />
</p><div class="wpcf7-response-output" aria-hidden="true"></div>
</form>
</div>
[/vc_column][/vc_row]</p>

<div style="font-size: 0px; height: 0px; line-height: 0px; margin: 0; padding: 0; clear: both;"></div>
