{"id":1175,"date":"2022-07-28T14:50:40","date_gmt":"2022-07-28T12:50:40","guid":{"rendered":"https:\/\/calagranadella.com\/comment-faire\/"},"modified":"2024-07-23T15:28:20","modified_gmt":"2024-07-23T13:28:20","slug":"comment-faire","status":"publish","type":"page","link":"https:\/\/calagranadella.com\/fr\/comment-faire\/","title":{"rendered":"Comment s&rsquo;y rendre"},"content":{"rendered":"<p>[vc_row][vc_column]<div id=\"ultimate-heading-490169f351780a376\" class=\"uvc-heading ult-adjust-bottom-margin ultimate-heading-490169f351780a376 uvc-8375 \" data-hspacer=\"no_spacer\"  data-halign=\"center\" style=\"text-align:center\"><div class=\"uvc-heading-spacer no_spacer\" style=\"top\"><\/div><div class=\"uvc-sub-heading ult-responsive\"  data-ultimate-target='.uvc-heading.ultimate-heading-490169f351780a376 .uvc-sub-heading '  data-responsive-json-new='{\"font-size\":\"\",\"line-height\":\"\"}'  style=\"font-weight:normal;\"><\/p>\n<p style=\"text-align: justify;\"><span style=\"font-weight: 400;\">Cala Granadella est situ\u00e9 \u00e0 environ 10 kilom\u00e8tres de J\u00e1vea. Il s&rsquo;agit de la crique la plus m\u00e9ridionale de la ville c\u00f4ti\u00e8re de J\u00e1vea (X\u00e1bia). Il s&rsquo;agit \u00e9galement de la crique la plus c\u00e9l\u00e8bre de la r\u00e9gion, ce qui justifie \u00e0 lui seul le voyage. Vous verrez qu&rsquo;\u00e0 l&rsquo;arriv\u00e9e, vous vous direz que cela valait la peine d&rsquo;y aller.<\/span><\/p>\n<p style=\"text-align: justify;\"><span style=\"font-weight: 400;\">Il faut tenir compte du fait que pour se rendre \u00e0 la crique Granadella, il faut prendre une voiture, un taxi ou une voiture de location, car il n&rsquo;y a pas de transport public jusqu&rsquo;\u00e0 la plage Granadella.<\/span><\/p>\n<p><\/div><\/div>[vc_empty_space height=\u00a0\u00bb50px\u00a0\u00bb]<div id=\"ultimate-heading-359569f351780a445\" class=\"uvc-heading ult-adjust-bottom-margin ultimate-heading-359569f351780a445 uvc-3591 \" data-hspacer=\"no_spacer\"  data-halign=\"left\" style=\"text-align:left\"><div class=\"uvc-heading-spacer no_spacer\" style=\"top\"><\/div><div class=\"uvc-main-heading ult-responsive\"  data-ultimate-target='.uvc-heading.ultimate-heading-359569f351780a445 h2'  data-responsive-json-new='{\"font-size\":\"desktop:34px;\",\"line-height\":\"\"}' ><h2 style=\"font-weight:normal;\">Comment se rendre \u00e0 Granadella Cove en voiture<\/h2><\/div><div class=\"uvc-sub-heading ult-responsive\"  data-ultimate-target='.uvc-heading.ultimate-heading-359569f351780a445 .uvc-sub-heading '  data-responsive-json-new='{\"font-size\":\"\",\"line-height\":\"\"}'  style=\"font-weight:normal;\"><\/p>\n<p style=\"text-align: justify;\"><span style=\"font-weight: 400;\">Pour se rendre \u00e0 la crique Granadella, il faut prendre la route du Cabo de la Nao et arriver au carrefour qui indique la crique Granadella sur la droite, puis prendre la route de la Granadella.<\/span><\/p>\n<p><\/div><\/div>[vc_single_image image=\u00a0\u00bb375&Prime; img_size=\u00a0\u00bbfull\u00a0\u00bb alignment=\u00a0\u00bbcenter\u00a0\u00bb][\/vc_column][\/vc_row][vc_row][vc_column]<div id=\"ultimate-heading-592569f351780a551\" class=\"uvc-heading ult-adjust-bottom-margin ultimate-heading-592569f351780a551 uvc-3296 \" data-hspacer=\"no_spacer\"  data-halign=\"left\" style=\"text-align:left\"><div class=\"uvc-heading-spacer no_spacer\" style=\"top\"><\/div><div class=\"uvc-sub-heading ult-responsive\"  data-ultimate-target='.uvc-heading.ultimate-heading-592569f351780a551 .uvc-sub-heading '  data-responsive-json-new='{\"font-size\":\"\",\"line-height\":\"\"}'  style=\"font-weight:normal;\"><span style=\"font-weight: 400;\">Apr\u00e8s environ 2-3 kilom\u00e8tres, vous atteindrez le d\u00e9but de la descente vers Cala Granadella. Si vous y allez en haute saison, vous trouverez le point de contr\u00f4le d&rsquo;acc\u00e8s pour entrer dans la Cala Granadella, si vous visitez la plage de J\u00e1vea le reste de l&rsquo;ann\u00e9e, vous pourrez descendre sans probl\u00e8me.<\/span><\/p>\n<p><\/div><\/div>[vc_single_image image=\u00a0\u00bb376&Prime; img_size=\u00a0\u00bbfull\u00a0\u00bb alignment=\u00a0\u00bbcenter\u00a0\u00bb]<div id=\"ultimate-heading-375569f351780a5e2\" class=\"uvc-heading ult-adjust-bottom-margin ultimate-heading-375569f351780a5e2 uvc-9941 \" data-hspacer=\"no_spacer\"  data-halign=\"center\" style=\"text-align:center\"><div class=\"uvc-heading-spacer no_spacer\" style=\"top\"><\/div><div class=\"uvc-sub-heading ult-responsive\"  data-ultimate-target='.uvc-heading.ultimate-heading-375569f351780a5e2 .uvc-sub-heading '  data-responsive-json-new='{\"font-size\":\"\",\"line-height\":\"\"}'  style=\"font-weight:normal;\"><\/p>\n<p style=\"text-align: justify;\"><span style=\"font-weight: 400;\">Cette m\u00eame route vous m\u00e8nera \u00e0 la m\u00eame crique de Granadella sans vous perdre. Toutefois, vous pouvez \u00e9galement consulter notre section du site web o\u00f9 nous indiquons o\u00f9 se rendre. <\/span><a href=\"https:\/\/calagranadella.com\/como-llegar\/parking\/\"><span style=\"font-weight: 400;\">parking \u00e0 La Cala<\/span><\/a><span style=\"font-weight: 400;\">. Nous vous indiquons les 3 points o\u00f9 vous pouvez garer votre voiture \u00e0 Cala Granadella sans probl\u00e8me.<\/span><\/p>\n<p><\/div><\/div>[vc_empty_space height=\u00a0\u00bb50px\u00a0\u00bb]<div id=\"ultimate-heading-142069f351780a666\" class=\"uvc-heading ult-adjust-bottom-margin ultimate-heading-142069f351780a666 uvc-273 \" data-hspacer=\"no_spacer\"  data-halign=\"left\" style=\"text-align:left\"><div class=\"uvc-heading-spacer no_spacer\" style=\"top\"><\/div><div class=\"uvc-main-heading ult-responsive\"  data-ultimate-target='.uvc-heading.ultimate-heading-142069f351780a666 h2'  data-responsive-json-new='{\"font-size\":\"desktop:34px;\",\"line-height\":\"\"}' ><h2 style=\"font-weight:normal;\">Carte de Granadella Cove<\/h2><\/div><\/div>[vc_empty_space][vc_single_image image=\u00a0\u00bb377&Prime; img_size=\u00a0\u00bbfull\u00a0\u00bb add_caption=\u00a0\u00bbyes\u00a0\u00bb alignment=\u00a0\u00bbcenter\u00a0\u00bb][\/vc_column][\/vc_row][vc_row][vc_column]<div id=\"ultimate-heading-928669f351780a6e2\" class=\"uvc-heading ult-adjust-bottom-margin ultimate-heading-928669f351780a6e2 uvc-4905 \" data-hspacer=\"no_spacer\"  data-halign=\"center\" style=\"text-align:center\"><div class=\"uvc-heading-spacer no_spacer\" style=\"top\"><\/div><div class=\"uvc-main-heading ult-responsive\"  data-ultimate-target='.uvc-heading.ultimate-heading-928669f351780a6e2 h2'  data-responsive-json-new='{\"font-size\":\"\",\"line-height\":\"\"}' ><h2 style=\"font-weight:normal;margin-bottom:10px;\">Activit\u00e9s \u00e0 Granadella<\/h2><\/div><\/div>[\/vc_column][\/vc_row][vc_row][vc_column width=\u00a0\u00bb1\/3&Prime;][vc_single_image image=\u00a0\u00bb661&Prime; img_size=\u00a0\u00bbfull\u00a0\u00bb alignment=\u00a0\u00bbcenter\u00a0\u00bb onclick=\u00a0\u00bbcustom_link\u00a0\u00bb link=\u00a0\u00bbhttps:\/\/marinalia.es\/deporte-y-aventura\/excursiones-en-el-mar\/excursiones-en-barco\/639-excursion-barco-javea-a-los-3-cabos.html\u00a0\u00bb][vc_single_image image=\u00a0\u00bb659&Prime; img_size=\u00a0\u00bbfull\u00a0\u00bb alignment=\u00a0\u00bbcenter\u00a0\u00bb onclick=\u00a0\u00bbcustom_link\u00a0\u00bb link=\u00a0\u00bbhttps:\/\/marinalia.es\/deporte-y-aventura\/deportes-acuaticos\/518-alquiler-de-paddle-surf-en-javea.html\u00a0\u00bb][\/vc_column][vc_column width=\u00a0\u00bb1\/3&Prime;][vc_single_image image=\u00a0\u00bb655&Prime; img_size=\u00a0\u00bbfull\u00a0\u00bb alignment=\u00a0\u00bbcenter\u00a0\u00bb onclick=\u00a0\u00bbcustom_link\u00a0\u00bb link=\u00a0\u00bbhttps:\/\/marinalia.es\/deporte-y-aventura\/excursiones-en-el-mar\/atardecer-barco\/647-puesta-de-sol-barco-javea.html\u00a0\u00bb][vc_single_image image=\u00a0\u00bb667&Prime; img_size=\u00a0\u00bbfull\u00a0\u00bb alignment=\u00a0\u00bbcenter\u00a0\u00bb onclick=\u00a0\u00bbcustom_link\u00a0\u00bb link=\u00a0\u00bbhttps:\/\/marinalia.es\/deporte-y-aventura\/deportes-acuaticos\/buceo-y-snorkel\/14-excursion-en-barco-al-cabo-la-nao-y-snorkeling.html\u00a0\u00bb][\/vc_column][vc_column width=\u00a0\u00bb1\/3&Prime;][vc_single_image image=\u00a0\u00bb656&Prime; img_size=\u00a0\u00bbfull\u00a0\u00bb alignment=\u00a0\u00bbcenter\u00a0\u00bb onclick=\u00a0\u00bbcustom_link\u00a0\u00bb link=\u00a0\u00bbhttps:\/\/marinalia.es\/deporte-y-aventura\/deportes-acuaticos\/buceo-y-snorkel\/640-paseo-catamaran-javea.html\u00a0\u00bb][vc_single_image image=\u00a0\u00bb654&Prime; img_size=\u00a0\u00bbfull\u00a0\u00bb alignment=\u00a0\u00bbcenter\u00a0\u00bb onclick=\u00a0\u00bbcustom_link\u00a0\u00bb link=\u00a0\u00bbhttps:\/\/marinalia.es\/deporte-y-aventura\/excursiones-en-el-mar\/excursiones-en-kayak\/1144-excursion-kayak-cala-tango-javea.html\u00a0\u00bb][\/vc_column][\/vc_row]<\/p>\n\n<div style=\"font-size: 0px; height: 0px; line-height: 0px; margin: 0; padding: 0; clear: both;\"><\/div>","protected":false},"excerpt":{"rendered":"<p>[vc_row][vc_column][vc_empty_space height=\u00a0\u00bb50px\u00a0\u00bb][vc_single_image image=\u00a0\u00bb375&Prime; img_size=\u00a0\u00bbfull\u00a0\u00bb alignment=\u00a0\u00bbcenter\u00a0\u00bb][\/vc_column][\/vc_row][vc_row][vc_column][vc_single_image image=\u00a0\u00bb376&Prime; img_size=\u00a0\u00bbfull\u00a0\u00bb alignment=\u00a0\u00bbcenter\u00a0\u00bb][vc_empty_space height=\u00a0\u00bb50px\u00a0\u00bb][vc_empty_space][vc_single_image image=\u00a0\u00bb377&Prime; img_size=\u00a0\u00bbfull\u00a0\u00bb add_caption=\u00a0\u00bbyes\u00a0\u00bb alignment=\u00a0\u00bbcenter\u00a0\u00bb][\/vc_column][\/vc_row][vc_row][vc_column][\/vc_column][\/vc_row][vc_row][vc_column width=\u00a0\u00bb1\/3&Prime;][vc_single_image image=\u00a0\u00bb661&Prime; img_size=\u00a0\u00bbfull\u00a0\u00bb alignment=\u00a0\u00bbcenter\u00a0\u00bb onclick=\u00a0\u00bbcustom_link\u00a0\u00bb link=\u00a0\u00bbhttps:\/\/marinalia.es\/deporte-y-aventura\/excursiones-en-el-mar\/excursiones-en-barco\/639-excursion-barco-javea-a-los-3-cabos.html\u00a0\u00bb][vc_single_image image=\u00a0\u00bb659&Prime; img_size=\u00a0\u00bbfull\u00a0\u00bb alignment=\u00a0\u00bbcenter\u00a0\u00bb onclick=\u00a0\u00bbcustom_link\u00a0\u00bb link=\u00a0\u00bbhttps:\/\/marinalia.es\/deporte-y-aventura\/deportes-acuaticos\/518-alquiler-de-paddle-surf-en-javea.html\u00a0\u00bb][\/vc_column][vc_column width=\u00a0\u00bb1\/3&Prime;][vc_single_image image=\u00a0\u00bb655&Prime; img_size=\u00a0\u00bbfull\u00a0\u00bb alignment=\u00a0\u00bbcenter\u00a0\u00bb onclick=\u00a0\u00bbcustom_link\u00a0\u00bb link=\u00a0\u00bbhttps:\/\/marinalia.es\/deporte-y-aventura\/excursiones-en-el-mar\/atardecer-barco\/647-puesta-de-sol-barco-javea.html\u00a0\u00bb][vc_single_image image=\u00a0\u00bb667&Prime; img_size=\u00a0\u00bbfull\u00a0\u00bb alignment=\u00a0\u00bbcenter\u00a0\u00bb onclick=\u00a0\u00bbcustom_link\u00a0\u00bb link=\u00a0\u00bbhttps:\/\/marinalia.es\/deporte-y-aventura\/deportes-acuaticos\/buceo-y-snorkel\/14-excursion-en-barco-al-cabo-la-nao-y-snorkeling.html\u00a0\u00bb][\/vc_column][vc_column width=\u00a0\u00bb1\/3&Prime;][vc_single_image image=\u00a0\u00bb656&Prime; img_size=\u00a0\u00bbfull\u00a0\u00bb alignment=\u00a0\u00bbcenter\u00a0\u00bb onclick=\u00a0\u00bbcustom_link\u00a0\u00bb link=\u00a0\u00bbhttps:\/\/marinalia.es\/deporte-y-aventura\/deportes-acuaticos\/buceo-y-snorkel\/640-paseo-catamaran-javea.html\u00a0\u00bb][vc_single_image image=\u00a0\u00bb654&Prime; img_size=\u00a0\u00bbfull\u00a0\u00bb alignment=\u00a0\u00bbcenter\u00a0\u00bb onclick=\u00a0\u00bbcustom_link\u00a0\u00bb link=\u00a0\u00bbhttps:\/\/marinalia.es\/deporte-y-aventura\/excursiones-en-el-mar\/excursiones-en-kayak\/1144-excursion-kayak-cala-tango-javea.html\u00a0\u00bb][\/vc_column][\/vc_row]<\/p>\n","protected":false},"author":1,"featured_media":0,"parent":0,"menu_order":0,"comment_status":"closed","ping_status":"closed","template":"","meta":{"_joinchat":[],"footnotes":""},"class_list":["post-1175","page","type-page","status-publish","hentry","description-off"],"_links":{"self":[{"href":"https:\/\/calagranadella.com\/fr\/wp-json\/wp\/v2\/pages\/1175","targetHints":{"allow":["GET"]}}],"collection":[{"href":"https:\/\/calagranadella.com\/fr\/wp-json\/wp\/v2\/pages"}],"about":[{"href":"https:\/\/calagranadella.com\/fr\/wp-json\/wp\/v2\/types\/page"}],"author":[{"embeddable":true,"href":"https:\/\/calagranadella.com\/fr\/wp-json\/wp\/v2\/users\/1"}],"replies":[{"embeddable":true,"href":"https:\/\/calagranadella.com\/fr\/wp-json\/wp\/v2\/comments?post=1175"}],"version-history":[{"count":2,"href":"https:\/\/calagranadella.com\/fr\/wp-json\/wp\/v2\/pages\/1175\/revisions"}],"predecessor-version":[{"id":1177,"href":"https:\/\/calagranadella.com\/fr\/wp-json\/wp\/v2\/pages\/1175\/revisions\/1177"}],"wp:attachment":[{"href":"https:\/\/calagranadella.com\/fr\/wp-json\/wp\/v2\/media?parent=1175"}],"curies":[{"name":"wp","href":"https:\/\/api.w.org\/{rel}","templated":true}]}}

<p>[vc_row][vc_column]<div id="ultimate-heading-490169f351780a376" class="uvc-heading ult-adjust-bottom-margin ultimate-heading-490169f351780a376 uvc-8375 " data-hspacer="no_spacer"  data-halign="center" style="text-align:center"><div class="uvc-heading-spacer no_spacer" style="top"></div><div class="uvc-sub-heading ult-responsive"  data-ultimate-target='.uvc-heading.ultimate-heading-490169f351780a376 .uvc-sub-heading '  data-responsive-json-new='{"font-size":"","line-height":""}'  style="font-weight:normal;"></p>
<p style="text-align: justify;"><span style="font-weight: 400;">Cala Granadella est situé à environ 10 kilomètres de Jávea. Il s&rsquo;agit de la crique la plus méridionale de la ville côtière de Jávea (Xábia). Il s&rsquo;agit également de la crique la plus célèbre de la région, ce qui justifie à lui seul le voyage. Vous verrez qu&rsquo;à l&rsquo;arrivée, vous vous direz que cela valait la peine d&rsquo;y aller.</span></p>
<p style="text-align: justify;"><span style="font-weight: 400;">Il faut tenir compte du fait que pour se rendre à la crique Granadella, il faut prendre une voiture, un taxi ou une voiture de location, car il n&rsquo;y a pas de transport public jusqu&rsquo;à la plage Granadella.</span></p>
<p></div></div>[vc_empty_space height= »50px »]<div id="ultimate-heading-359569f351780a445" class="uvc-heading ult-adjust-bottom-margin ultimate-heading-359569f351780a445 uvc-3591 " data-hspacer="no_spacer"  data-halign="left" style="text-align:left"><div class="uvc-heading-spacer no_spacer" style="top"></div><div class="uvc-main-heading ult-responsive"  data-ultimate-target='.uvc-heading.ultimate-heading-359569f351780a445 h2'  data-responsive-json-new='{"font-size":"desktop:34px;","line-height":""}' ><h2 style="font-weight:normal;">Comment se rendre à Granadella Cove en voiture</h2></div><div class="uvc-sub-heading ult-responsive"  data-ultimate-target='.uvc-heading.ultimate-heading-359569f351780a445 .uvc-sub-heading '  data-responsive-json-new='{"font-size":"","line-height":""}'  style="font-weight:normal;"></p>
<p style="text-align: justify;"><span style="font-weight: 400;">Pour se rendre à la crique Granadella, il faut prendre la route du Cabo de la Nao et arriver au carrefour qui indique la crique Granadella sur la droite, puis prendre la route de la Granadella.</span></p>
<p></div></div>[vc_single_image image= »375&Prime; img_size= »full » alignment= »center »][/vc_column][/vc_row][vc_row][vc_column]<div id="ultimate-heading-592569f351780a551" class="uvc-heading ult-adjust-bottom-margin ultimate-heading-592569f351780a551 uvc-3296 " data-hspacer="no_spacer"  data-halign="left" style="text-align:left"><div class="uvc-heading-spacer no_spacer" style="top"></div><div class="uvc-sub-heading ult-responsive"  data-ultimate-target='.uvc-heading.ultimate-heading-592569f351780a551 .uvc-sub-heading '  data-responsive-json-new='{"font-size":"","line-height":""}'  style="font-weight:normal;"><span style="font-weight: 400;">Après environ 2-3 kilomètres, vous atteindrez le début de la descente vers Cala Granadella. Si vous y allez en haute saison, vous trouverez le point de contrôle d&rsquo;accès pour entrer dans la Cala Granadella, si vous visitez la plage de Jávea le reste de l&rsquo;année, vous pourrez descendre sans problème.</span></p>
<p></div></div>[vc_single_image image= »376&Prime; img_size= »full » alignment= »center »]<div id="ultimate-heading-375569f351780a5e2" class="uvc-heading ult-adjust-bottom-margin ultimate-heading-375569f351780a5e2 uvc-9941 " data-hspacer="no_spacer"  data-halign="center" style="text-align:center"><div class="uvc-heading-spacer no_spacer" style="top"></div><div class="uvc-sub-heading ult-responsive"  data-ultimate-target='.uvc-heading.ultimate-heading-375569f351780a5e2 .uvc-sub-heading '  data-responsive-json-new='{"font-size":"","line-height":""}'  style="font-weight:normal;"></p>
<p style="text-align: justify;"><span style="font-weight: 400;">Cette même route vous mènera à la même crique de Granadella sans vous perdre. Toutefois, vous pouvez également consulter notre section du site web où nous indiquons où se rendre. </span><a href="https://calagranadella.com/como-llegar/parking/"><span style="font-weight: 400;">parking à La Cala</span></a><span style="font-weight: 400;">. Nous vous indiquons les 3 points où vous pouvez garer votre voiture à Cala Granadella sans problème.</span></p>
<p></div></div>[vc_empty_space height= »50px »]<div id="ultimate-heading-142069f351780a666" class="uvc-heading ult-adjust-bottom-margin ultimate-heading-142069f351780a666 uvc-273 " data-hspacer="no_spacer"  data-halign="left" style="text-align:left"><div class="uvc-heading-spacer no_spacer" style="top"></div><div class="uvc-main-heading ult-responsive"  data-ultimate-target='.uvc-heading.ultimate-heading-142069f351780a666 h2'  data-responsive-json-new='{"font-size":"desktop:34px;","line-height":""}' ><h2 style="font-weight:normal;">Carte de Granadella Cove</h2></div></div>[vc_empty_space][vc_single_image image= »377&Prime; img_size= »full » add_caption= »yes » alignment= »center »][/vc_column][/vc_row][vc_row][vc_column]<div id="ultimate-heading-928669f351780a6e2" class="uvc-heading ult-adjust-bottom-margin ultimate-heading-928669f351780a6e2 uvc-4905 " data-hspacer="no_spacer"  data-halign="center" style="text-align:center"><div class="uvc-heading-spacer no_spacer" style="top"></div><div class="uvc-main-heading ult-responsive"  data-ultimate-target='.uvc-heading.ultimate-heading-928669f351780a6e2 h2'  data-responsive-json-new='{"font-size":"","line-height":""}' ><h2 style="font-weight:normal;margin-bottom:10px;">Activités à Granadella</h2></div></div>[/vc_column][/vc_row][vc_row][vc_column width= »1/3&Prime;][vc_single_image image= »661&Prime; img_size= »full » alignment= »center » onclick= »custom_link » link= »https://marinalia.es/deporte-y-aventura/excursiones-en-el-mar/excursiones-en-barco/639-excursion-barco-javea-a-los-3-cabos.html »][vc_single_image image= »659&Prime; img_size= »full » alignment= »center » onclick= »custom_link » link= »https://marinalia.es/deporte-y-aventura/deportes-acuaticos/518-alquiler-de-paddle-surf-en-javea.html »][/vc_column][vc_column width= »1/3&Prime;][vc_single_image image= »655&Prime; img_size= »full » alignment= »center » onclick= »custom_link » link= »https://marinalia.es/deporte-y-aventura/excursiones-en-el-mar/atardecer-barco/647-puesta-de-sol-barco-javea.html »][vc_single_image image= »667&Prime; img_size= »full » alignment= »center » onclick= »custom_link » link= »https://marinalia.es/deporte-y-aventura/deportes-acuaticos/buceo-y-snorkel/14-excursion-en-barco-al-cabo-la-nao-y-snorkeling.html »][/vc_column][vc_column width= »1/3&Prime;][vc_single_image image= »656&Prime; img_size= »full » alignment= »center » onclick= »custom_link » link= »https://marinalia.es/deporte-y-aventura/deportes-acuaticos/buceo-y-snorkel/640-paseo-catamaran-javea.html »][vc_single_image image= »654&Prime; img_size= »full » alignment= »center » onclick= »custom_link » link= »https://marinalia.es/deporte-y-aventura/excursiones-en-el-mar/excursiones-en-kayak/1144-excursion-kayak-cala-tango-javea.html »][/vc_column][/vc_row]</p>

<div style="font-size: 0px; height: 0px; line-height: 0px; margin: 0; padding: 0; clear: both;"></div>
