{"id":1281,"date":"2023-03-24T09:10:47","date_gmt":"2023-03-24T07:10:47","guid":{"rendered":"https:\/\/calagranadella.com\/dossier-de-presse\/"},"modified":"2024-08-09T17:10:48","modified_gmt":"2024-08-09T15:10:48","slug":"dossier-de-presse","status":"publish","type":"page","link":"https:\/\/calagranadella.com\/fr\/dossier-de-presse\/","title":{"rendered":"Dossier de presse"},"content":{"rendered":"<p>[vc_row][vc_column]<div id=\"ultimate-heading-346669f361517b795\" class=\"uvc-heading ult-adjust-bottom-margin ultimate-heading-346669f361517b795 uvc-2865 \" data-hspacer=\"no_spacer\"  data-halign=\"left\" style=\"text-align:left\"><div class=\"uvc-heading-spacer no_spacer\" style=\"top\"><\/div><div class=\"uvc-main-heading ult-responsive\"  data-ultimate-target='.uvc-heading.ultimate-heading-346669f361517b795 h2'  data-responsive-json-new='{\"font-size\":\"desktop:34px;\",\"line-height\":\"\"}' ><h2 style=\"font-weight:normal;\">Dossier de presse de Cala Granadella<\/h2><\/div><div class=\"uvc-sub-heading ult-responsive\"  data-ultimate-target='.uvc-heading.ultimate-heading-346669f361517b795 .uvc-sub-heading '  data-responsive-json-new='{\"font-size\":\"\",\"line-height\":\"\"}'  style=\"font-weight:normal;\">Le site de La Cala Granadella (<a href=\"https:\/\/calagranadella.com\/fr\/\" target=\"_new\" rel=\"noopener\">https:\/\/calagranadella.com\/<\/a>) re\u00e7oit des milliers de visites chaque ann\u00e9e, ce qui en fait l&rsquo;une des destinations les plus populaires de la Costa Blanca. D&rsquo;une longueur de 220 m\u00e8tres, cette plage de galets et de rochers est l&rsquo;endroit id\u00e9al pour pratiquer des sports nautiques tels que la plong\u00e9e avec masque et tuba et la plong\u00e9e sous-marine. Situ\u00e9e dans la municipalit\u00e9 de J\u00e1vea, dans la province d&rsquo;Alicante, La Cala Granadella est r\u00e9put\u00e9e pour sa beaut\u00e9 naturelle et son atmosph\u00e8re tranquille. Elle compte \u00e9galement plusieurs restaurants et bars de qualit\u00e9, ainsi que des aires de pique-nique et de randonn\u00e9e. Si vous cherchez \u00e0 promouvoir votre entreprise li\u00e9e \u00e0 La Cala Granadella, nous vous offrons la possibilit\u00e9 d&rsquo;appara\u00eetre dans nos banni\u00e8res et liens sur notre site Web et notre blog, qui re\u00e7oivent des milliers de visites par an, contactez-nous pour plus d&rsquo;informations et d\u00e9couvrez comment nous pouvons vous aider ! Merci de votre int\u00e9r\u00eat pour La Cala Granadella !<\/div><\/div><div class=\"gap\" style=\"line-height: 10px; height: 10px;\"><\/div>[\/vc_column][\/vc_row][vc_row][vc_column css=\u00a0\u00bb.vc_custom_1679645097271{background-color: #98135b !important;}\u00a0\u00bb]\n<div class=\"wpcf7 no-js\" id=\"wpcf7-f266-o1\" lang=\"es-ES\" dir=\"ltr\" data-wpcf7-id=\"266\">\n<div class=\"screen-reader-response\"><p role=\"status\" aria-live=\"polite\" aria-atomic=\"true\"><\/p> <ul><\/ul><\/div>\n<form action=\"\/fr\/wp-json\/wp\/v2\/pages\/1281#wpcf7-f266-o1\" method=\"post\" class=\"wpcf7-form init\" aria-label=\"Formulario de contacto\" novalidate=\"novalidate\" data-status=\"init\">\n<fieldset class=\"hidden-fields-container\"><input type=\"hidden\" name=\"_wpcf7\" value=\"266\" \/><input type=\"hidden\" name=\"_wpcf7_version\" value=\"6.1.4\" \/><input type=\"hidden\" name=\"_wpcf7_locale\" value=\"es_ES\" \/><input type=\"hidden\" name=\"_wpcf7_unit_tag\" value=\"wpcf7-f266-o1\" \/><input type=\"hidden\" name=\"_wpcf7_container_post\" value=\"0\" \/><input type=\"hidden\" name=\"_wpcf7_posted_data_hash\" value=\"\" \/>\n<\/fieldset>\n<p><label> Tu nombre<br \/>\n<span class=\"wpcf7-form-control-wrap\" data-name=\"your-name\"><input size=\"40\" maxlength=\"400\" class=\"wpcf7-form-control wpcf7-text wpcf7-validates-as-required\" aria-required=\"true\" aria-invalid=\"false\" value=\"\" type=\"text\" name=\"your-name\" \/><\/span> <\/label>\n<\/p>\n<p><label> Tu correo electr\u00f3nico<br \/>\n<span class=\"wpcf7-form-control-wrap\" data-name=\"your-email\"><input size=\"40\" maxlength=\"400\" class=\"wpcf7-form-control wpcf7-email wpcf7-validates-as-required wpcf7-text wpcf7-validates-as-email\" aria-required=\"true\" aria-invalid=\"false\" value=\"\" type=\"email\" name=\"your-email\" \/><\/span> <\/label>\n<\/p>\n<p><label> Asunto<br \/>\n<span class=\"wpcf7-form-control-wrap\" data-name=\"your-subject\"><input size=\"40\" maxlength=\"400\" class=\"wpcf7-form-control wpcf7-text wpcf7-validates-as-required\" aria-required=\"true\" aria-invalid=\"false\" value=\"\" type=\"text\" name=\"your-subject\" \/><\/span> <\/label>\n<\/p>\n<p><label> Tu mensaje (opcional)<br \/>\n<span class=\"wpcf7-form-control-wrap\" data-name=\"your-message\"><textarea cols=\"40\" rows=\"10\" maxlength=\"2000\" class=\"wpcf7-form-control wpcf7-textarea\" aria-invalid=\"false\" name=\"your-message\"><\/textarea><\/span> <\/label>\n<\/p>\n<p><input class=\"wpcf7-form-control wpcf7-submit has-spinner\" type=\"submit\" value=\"Enviar\" \/>\n<\/p><div class=\"wpcf7-response-output\" aria-hidden=\"true\"><\/div>\n<\/form>\n<\/div>\n[\/vc_column][\/vc_row]<\/p>\n\n<div style=\"font-size: 0px; height: 0px; line-height: 0px; margin: 0; padding: 0; clear: both;\"><\/div>","protected":false},"excerpt":{"rendered":"<p>[vc_row][vc_column][\/vc_column][\/vc_row][vc_row][vc_column css=\u00a0\u00bb.vc_custom_1679645097271{background-color: #98135b !important;}\u00a0\u00bb][\/vc_column][\/vc_row]<\/p>\n","protected":false},"author":1,"featured_media":0,"parent":0,"menu_order":0,"comment_status":"closed","ping_status":"closed","template":"","meta":{"_joinchat":[],"footnotes":""},"class_list":["post-1281","page","type-page","status-publish","hentry","description-off"],"_links":{"self":[{"href":"https:\/\/calagranadella.com\/fr\/wp-json\/wp\/v2\/pages\/1281","targetHints":{"allow":["GET"]}}],"collection":[{"href":"https:\/\/calagranadella.com\/fr\/wp-json\/wp\/v2\/pages"}],"about":[{"href":"https:\/\/calagranadella.com\/fr\/wp-json\/wp\/v2\/types\/page"}],"author":[{"embeddable":true,"href":"https:\/\/calagranadella.com\/fr\/wp-json\/wp\/v2\/users\/1"}],"replies":[{"embeddable":true,"href":"https:\/\/calagranadella.com\/fr\/wp-json\/wp\/v2\/comments?post=1281"}],"version-history":[{"count":2,"href":"https:\/\/calagranadella.com\/fr\/wp-json\/wp\/v2\/pages\/1281\/revisions"}],"predecessor-version":[{"id":1283,"href":"https:\/\/calagranadella.com\/fr\/wp-json\/wp\/v2\/pages\/1281\/revisions\/1283"}],"wp:attachment":[{"href":"https:\/\/calagranadella.com\/fr\/wp-json\/wp\/v2\/media?parent=1281"}],"curies":[{"name":"wp","href":"https:\/\/api.w.org\/{rel}","templated":true}]}}

<p>[vc_row][vc_column]<div id="ultimate-heading-346669f361517b795" class="uvc-heading ult-adjust-bottom-margin ultimate-heading-346669f361517b795 uvc-2865 " data-hspacer="no_spacer"  data-halign="left" style="text-align:left"><div class="uvc-heading-spacer no_spacer" style="top"></div><div class="uvc-main-heading ult-responsive"  data-ultimate-target='.uvc-heading.ultimate-heading-346669f361517b795 h2'  data-responsive-json-new='{"font-size":"desktop:34px;","line-height":""}' ><h2 style="font-weight:normal;">Dossier de presse de Cala Granadella</h2></div><div class="uvc-sub-heading ult-responsive"  data-ultimate-target='.uvc-heading.ultimate-heading-346669f361517b795 .uvc-sub-heading '  data-responsive-json-new='{"font-size":"","line-height":""}'  style="font-weight:normal;">Le site de La Cala Granadella (<a href="https://calagranadella.com/fr/" target="_new" rel="noopener">https://calagranadella.com/</a>) reçoit des milliers de visites chaque année, ce qui en fait l&rsquo;une des destinations les plus populaires de la Costa Blanca. D&rsquo;une longueur de 220 mètres, cette plage de galets et de rochers est l&rsquo;endroit idéal pour pratiquer des sports nautiques tels que la plongée avec masque et tuba et la plongée sous-marine. Située dans la municipalité de Jávea, dans la province d&rsquo;Alicante, La Cala Granadella est réputée pour sa beauté naturelle et son atmosphère tranquille. Elle compte également plusieurs restaurants et bars de qualité, ainsi que des aires de pique-nique et de randonnée. Si vous cherchez à promouvoir votre entreprise liée à La Cala Granadella, nous vous offrons la possibilité d&rsquo;apparaître dans nos bannières et liens sur notre site Web et notre blog, qui reçoivent des milliers de visites par an, contactez-nous pour plus d&rsquo;informations et découvrez comment nous pouvons vous aider ! Merci de votre intérêt pour La Cala Granadella !</div></div><div class="gap" style="line-height: 10px; height: 10px;"></div>[/vc_column][/vc_row][vc_row][vc_column css= ».vc_custom_1679645097271{background-color: #98135b !important;} »]
<div class="wpcf7 no-js" id="wpcf7-f266-o1" lang="es-ES" dir="ltr" data-wpcf7-id="266">
<div class="screen-reader-response"><p role="status" aria-live="polite" aria-atomic="true"></p> <ul></ul></div>
<form action="/fr/wp-json/wp/v2/pages/1281#wpcf7-f266-o1" method="post" class="wpcf7-form init" aria-label="Formulario de contacto" novalidate="novalidate" data-status="init">
<fieldset class="hidden-fields-container"><input type="hidden" name="_wpcf7" value="266" /><input type="hidden" name="_wpcf7_version" value="6.1.4" /><input type="hidden" name="_wpcf7_locale" value="es_ES" /><input type="hidden" name="_wpcf7_unit_tag" value="wpcf7-f266-o1" /><input type="hidden" name="_wpcf7_container_post" value="0" /><input type="hidden" name="_wpcf7_posted_data_hash" value="" />
</fieldset>
<p><label> Tu nombre<br />
<span class="wpcf7-form-control-wrap" data-name="your-name"><input size="40" maxlength="400" class="wpcf7-form-control wpcf7-text wpcf7-validates-as-required" aria-required="true" aria-invalid="false" value="" type="text" name="your-name" /></span> </label>
</p>
<p><label> Tu correo electrónico<br />
<span class="wpcf7-form-control-wrap" data-name="your-email"><input size="40" maxlength="400" class="wpcf7-form-control wpcf7-email wpcf7-validates-as-required wpcf7-text wpcf7-validates-as-email" aria-required="true" aria-invalid="false" value="" type="email" name="your-email" /></span> </label>
</p>
<p><label> Asunto<br />
<span class="wpcf7-form-control-wrap" data-name="your-subject"><input size="40" maxlength="400" class="wpcf7-form-control wpcf7-text wpcf7-validates-as-required" aria-required="true" aria-invalid="false" value="" type="text" name="your-subject" /></span> </label>
</p>
<p><label> Tu mensaje (opcional)<br />
<span class="wpcf7-form-control-wrap" data-name="your-message"><textarea cols="40" rows="10" maxlength="2000" class="wpcf7-form-control wpcf7-textarea" aria-invalid="false" name="your-message"></textarea></span> </label>
</p>
<p><input class="wpcf7-form-control wpcf7-submit has-spinner" type="submit" value="Enviar" />
</p><div class="wpcf7-response-output" aria-hidden="true"></div>
</form>
</div>
[/vc_column][/vc_row]</p>

<div style="font-size: 0px; height: 0px; line-height: 0px; margin: 0; padding: 0; clear: both;"></div>
